*o + 40. Let j(z) = 50*z**2 + 3*z - 4. Let q be j(-2). What is the units digit of (q/(-40))/((-2)/o)?
9
What is the hundreds digit of (-3934 + -7)/(-7) + 1 + -1?
5
Let s = 19 + -19. Suppose 0 = -p - u + 40, -p + u + u + 52 = s. What is the units digit of p?
4
What is the hundreds digit of 1072/((-18)/(-27) - (-8)/6)?
5
What is the tens digit of (-6)/(-30)*(-16260)/(-12)?
7
Suppose 3*m - 160 = -31. Let h = 59 - m. What is the tens digit of h?
1
Let y(p) = 2*p**2 + 6*p - 4. Let b be y(-3). Let v(f) = -3*f**3 - 5*f**2 + 6*f + 12. What is the tens digit of v(b)?
0
Let l(r) = -r + 1. Let j be 106/5 + 4/(-20). Let f = j - 25. What is the units digit of l(f)?
5
Suppose -188*s = -192*s + 20. Suppose 1638 = 11*o - s*o. What is the units digit of o?
3
Let i(r) = 2*r**2 + 4*r - 4. Let h be i(1). Suppose 2*y = 5*z + 160, -h*y - 2*z - z + 128 = 0. What is the units digit of y?
0
Let b(h) = -41*h - 22. What is the hundreds digit of b(-7)?
2
Suppose 2*j - 180 = 4*q, 4*q = 5*q + 3. Let y(c) = 33*c + 54. Let k be y(-3). Let i = j + k. What is the tens digit of i?
3
Suppose -10 - 5 = 3*y. Let x = 22 + y. What is the tens digit of x?
1
Let q be 134/(-4) - (15/10 - 2). Let x = q + 82. What is the units digit of x?
9
Suppose 0 = 5*a - p - 243, -204 = -4*a - 3*p - p. Suppose -51*t + 152 = -a*t. What is the tens digit of t?
7
Suppose d - 4571 = -4*u, -4*u - 10*d + 4580 = -6*d. What is the thousands digit of u?
1
Let f be ((-1)/(12/57))/((-1)/4). Suppose -4*b = -f - 41. What is the tens digit of b?
1
Suppose 9*m - 1009 = 872. What is the hundreds digit of m?
2
Suppose 4*m - 3 - 1 = h, -m - 4*h - 16 = 0. Suppose 2*z - 437 = -3*d - 104, 2*d - 2 = m. What is the tens digit of z?
6
Let z(d) = d. Let r(t) = -t**2 - 8*t - 60. Let x(l) = -r(l) - 6*z(l). What is the tens digit of x(0)?
6
Suppose 0 = 13*l - 1224 - 765. What is the units digit of l?
3
Let b be -2*4/8*-3. Suppose b*o - o = -2*v, -5*o - 3*v = -10. What is the units digit of o?
5
Let r(f) = -f**3 + 19*f**2 + f - 13. Let b be r(19). Suppose 118 = b*j - 4*j. What is the units digit of j?
9
Let d(s) = 2*s**3 + 15*s**2 + 6*s + 55. What is the tens digit of d(9)?
8
Let a(n) = 253*n - 18. What is the units digit of a(1)?
5
Let g be (1 + (3 - 2))*8. Suppose -5*c + 516 = -3*w, -w + 320 = 3*c + g. Suppose -3*l + r + c = 0, l - 32 = -3*r + 4*r. What is the units digit of l?
5
Let p = 25 + 13. Let w = p + 4. What is the tens digit of -1 + (-4 - -3) + w?
4
Let s(o) = -o**3 - 19*o**2 + 6*o - 22. Let y(t) = -4*t**3 - 58*t**2 + 17*t - 66. Let c(k) = -7*s(k) + 2*y(k). What is the units digit of c(16)?
0
Let q = -13 - -7. Let w(m) = 2*m - 13. Let d be w(7). Let o = d - q. What is the units digit of o?
7
Suppose -131*t + 186479 = -77355. What is the hundreds digit of t?
0
Suppose -2*o = 3*g - 4722, -o - 1574 = -g - 3*o. What is the tens digit of 4 + (g/9 - 5/(-45))?
7
Let y(d) = -3*d - 9*d**2 + 8 - 3 - d**3 + 3*d. Let x be y(-9). Suppose x*z - 52 - 58 = 0. What is the units digit of z?
2
Let o be 2 - 5 - (-1 - 4). Suppose o = y - 1. Suppose y*q = 12 + 21. What is the tens digit of q?
1
Let v be 2/(-8) - 2865/(-20). Let k be v/(-26)*(-1 + 3). Let n = 38 + k. What is the tens digit of n?
2
Suppose 49 + 40 = 4*l - 3*j, -j = 2*l - 57. Let z be 14 + -13 - l/(-2). Let u = 18 + z. What is the units digit of u?
2
Let w(u) = -3*u**3 + 2*u**2 - 1. Let y be -4*((-5)/4)/5. Let b be w(y). What is the units digit of -1*(b - 2) - 0?
4
Suppose 4*b = -3*d - 2662, -6*b - 1813 = 2*d - 11*b. What is the tens digit of 16/120 + d/(-45)?
2
Let x(d) = -16 + d**2 - 3*d - 5*d**2 - d**3 + 0*d**3. What is the units digit of x(-7)?
2
Suppose -472 = -3*c - 121. What is the units digit of (-1434)/(-26) + (-3)/(c/6)?
5
Let v be 2/(-6)*0 + 4*10. Let q = 43 - v. What is the units digit of q?
3
Suppose 274 = j + j. Suppose -j - 76 = -3*g. What is the tens digit of g?
7
Suppose 2*t = -t - 3. Let y = 6 + t. Suppose 10*o - y*o = 310. What is the units digit of o?
2
Let n = 325 - 199. What is the hundreds digit of n?
1
Let u(g) = g**3 + 8*g**2 - 18*g - 13. Suppose 2*s + 17 = -s + k, -4*s = -4*k + 20. What is the tens digit of u(s)?
6
Let g be (3668/(-12))/(-7)*3. Let d = -64 + g. What is the tens digit of d?
6
What is the hundreds digit of 267 + (-5 - (5 + -9))?
2
Suppose -22*k - 17604 = -47128. What is the thousands digit of k?
1
Let y = -17 - -18. Let s = 5 - y. Suppose -4*r + 4 + 96 = -4*m, 20 = -s*m. What is the tens digit of r?
2
Suppose 3*w + 1 = h - 2, 43 = -4*h + w. Let f = 24 - h. Let s = 10 + f. What is the tens digit of s?
4
Suppose 39*h + 43750 = 53*h. What is the tens digit of h?
2
Suppose 14*i - 23*i + 306 = 0. Suppose -4*g = -q + 212, -1043 = -5*q + 3*g + i. What is the units digit of q?
6
Let k be (48/(6 + -3))/1. Let l be (-1 - -85) + 0 + 1. Suppose 2*w = 3*v - 223, -v - k = 2*w - l. What is the tens digit of v?
7
Let t = -153 - -11. What is the units digit of 3/(4 - t/(-36))?
4
Suppose -70769 = -47*x - 17612. What is the thousands digit of x?
1
Let x be (-8)/(-6)*3/2. Let c(g) = 8*g. Let z(f) = -231*f. Let m(s) = 88*c(s) + 3*z(s). What is the tens digit of m(x)?
2
Suppose 3*a = 5*y + 8711, -3*a + y = -5925 - 2794. What is the units digit of a?
7
Suppose 17*n - 12*n = -60. Let s be (247/(-52))/((-1)/n). What is the units digit of 1/(-6)*4*s?
8
Let y(i) = 188*i - 114. What is the hundreds digit of y(3)?
4
Suppose v = -21*y + 17*y + 650, -3318 = -5*v - 3*y. What is the tens digit of v?
6
Let u be 450 + 1/1*0/8. Let h = -272 + u. What is the tens digit of h?
7
Suppose 5*u - 4*u - 3*l + 815 = 0, 0 = l - 1. Let o be ((-12)/(-7))/((-8)/u). Let d = 243 - o. What is the tens digit of d?
6
Let d(x) = 2*x**2 + 23*x - 46. What is the units digit of d(-16)?
8
Let y be (-12)/2 - 4/2. Suppose 2*q = 2*u + 2*u + 34, -23 = 2*u - 3*q. Let t = u - y. What is the units digit of t?
1
Suppose -3*h = 4*r - 8413, -4*h = 3*r - 7*h - 6315. What is the tens digit of r?
0
Let s be (-377)/78 - (-2)/(-12). Let r = -2 - s. Suppose 5*w = 2*n + 4 + 11, 0 = 4*w + r*n - 12. What is the units digit of w?
3
Let f(c) be the third derivative of 7*c**5/60 + c**4/24 + c**3 - 4*c**2. Let a(m) = -7*m**2 - 7. Let d(t) = 2*a(t) + 3*f(t). What is the units digit of d(-3)?
8
Suppose 2282*o = 2292*o - 25400. What is the thousands digit of o?
2
Let n(m) = -m**2 - 13*m + 4. Let c be n(-10). Let q = 31 + -18. Let g = c - q. What is the tens digit of g?
2
What is the units digit of 595/(2 - 7)*(-3 + 0)?
7
Let p be (18/15)/(2/5). Let u(o) = 6*o - 14. Let t be u(11). What is the units digit of (t/p)/((-10)/(-15))?
6
Let d(y) = -202*y - 161. What is the hundreds digit of d(-20)?
8
Suppose 5 = i + 5*p, -2*i + 3*i + 2*p + 1 = 0. Let c(m) = -6*m - 4. Let l(f) = -5*f - 5. Let j(q) = -2*c(q) + 3*l(q). What is the units digit of j(i)?
8
Suppose j - 3356 = -5*b - 209, -5*j + 3*b = -15735. What is the hundreds digit of j?
1
Suppose -3*x + 10109 = -5*c - 1906, -5*x + 19985 = 5*c. What is the thousands digit of x?
4
Let z = -1798 + 2166. What is the tens digit of z?
6
Suppose -5*j = o + 4, 2*o = -j + 5*j - 8. Suppose 9*h - 4*h = -4*l + 679, j = l + 2*h - 172. What is the hundreds digit of l?
1
Let w(v) = -32*v + 326. What is the units digit of w(-17)?
0
Suppose 2*g = b - 8, 3*b - 14 = 5*g + 9. Let v(h) = -7 + 5 - 5*h + 18*h. What is the tens digit of v(b)?
7
Let u(c) = 8*c**3 - 8*c**2 + 14. Let p(s) = 3*s**3 - 3*s**2 + 5. Let f(a) = -11*p(a) + 4*u(a). What is the units digit of f(1)?
1
Let n = -29 + 40. Let u(i) = i**2 - 11*i - 25. Let z be u(14). Suppose -5*v + z = -0*l - 2*l, -v - n = -4*l. What is the units digit of v?
5
Suppose -5*f - m + 74 = 0, 5*m - 3 = -f + 7. Suppose -2*a = 3*a - f. Let d(s) = -s**3 + 5*s**2 - 5*s + 3. What is the units digit of d(a)?
6
Let m(l) = 34*l**3 - 2*l**2 + l. Suppose -5*d = -4*f + 33, 5*d = -f + 2*d - 13. Let p be f/4*8/4. What is the tens digit of m(p)?
3
Let k(o) = 62*o**2 + 14*o - 23. What is the hundreds digit of k(-6)?
1
Suppose -4*m - 36 = -8*m + 2*h, 2*m - 4*h - 30 = 0. What is the units digit of m + 6*6/(-9)?
3
Suppose o - 401 - 14 = 0. What is the tens digit of o?
1
Let o(s) = 3*s**2 - 13*s + 5. Let m be o(4). Let j(k) = 76*k**2 + k. What is the units digit of j(m)?
7
Suppose 5*u - 6 = 3*s + 6, -3*s = -2*u + 12. Let d be 1 + u + 33 - 3. Suppose 12 + d = h. What is th